rime?
False
Let u(f) = 5*f**2 - 6*f**2 - 4*f - 3*f**2 - f**3 - 9*f**2 + 5. Let a be u(-5). Let s = -48 - a. Is s composite?
False
Let x = 17378 - 9169. Is x prime?
True
Let n(l) = 277*l + 23. Let y be n(15). Suppose -t = 4*g + 2*t - y, 4*t - 3137 = -3*g. Is g a prime number?
False
Let x(b) = -116*b**3 + 2*b**2 - b - 1. Is x(-1) a composite number?
True
Let g be (3 - (-1109)/(-2))/((-3)/24). Suppose -3*f - q = -g, -f + 4*q = 4*f - 7359. Is f a prime number?
True
Suppose 4*n - 50436 = -4*r, 0*n = -3*r - n + 37819. Is r a prime number?
False
Let x be (-102)/(-8) + (-30)/40. Suppose -5*r - 9 = -t, 0 = -2*t + 2*r + 2*r + x. Suppose -1614 + 340 = -t*p + 2*c, p - 2*c = 323. Is p prime?
True
Let a(o) = -101*o**3 + 6*o**2 + 7*o + 8. Let y be a(-4). Let b = y - 3721. Is b prime?
True
Let u = -264 - -527. Suppose -13*d + u + 504 = 0. Is d a composite number?
False
Let m be (-615)/(-55) + 8/(-44). Suppose -8*c - m*c = -1653. Is c prime?
False
Let j(x) = -13*x + 50021. Is j(0) prime?
True
Let k(r) = -2*r**3 - 8*r**2 + 30*r - 27. Is k(-11) composite?
True
Let n = -38 - -377. Is n prime?
False
Let v = -96 + -132. Let f = v - -463. Is f prime?
False
Suppose 5*z + 134 = 4*f - 116, -3*z + 4*f = 150. Suppose 0 = -t - 22 - 6. Let b = t - z. Is b composite?
True
Let z(x) = x**3 + 13*x**2 + 14*x + 26. Let c be z(-12). Suppose 4*g + c*j = 188, -4*g + 3*j = -2*g - 94. Is g prime?
True
Suppose 2*k = 4*k - 4. Let l be 6*44 + 4/k. Suppose 0 = 5*s - l - 179. Is s a composite number?
False
Let b(j) = -496*j**3 - 2*j**2 + 6*j + 9. Let l be b(-3). Suppose -5*w + l - 70 = 0. Is w a composite number?
False
Suppose 0 = 5*v - 4*i - 437, i - 343 - 15 = -4*v. Is v a prime number?
True
Suppose 5*j = 2*k - 357 - 249, -914 = -3*k + 5*j. Suppose g - 4*g - 5 = 2*w, 30 = 4*w - 2*g. Suppose -k = v - w*v. Is v prime?
False
Is (55*2/20)/((-1)/(-38)) composite?
True
Suppose 1506 = 3*g + 3*n, 0*n = 2*g - 3*n - 1009. Is g composite?
False
Let c = -2331 + 3570. Suppose -2*h = -5*w + 1355, -4*w - 4*h + c = 155. Is w prime?
True
Let y = -1619 - -2436. Is y a prime number?
False
Let u = 4 - -1. Suppose -3*q - 12 = l, -q = l - u*q - 16. Suppose l = -3*z + 7*z - 652. Is z a composite number?
False
Suppose 2*i = -3*i + 20. Is (-5 + i - 2)*-157 prime?
False
Let y(d) = -69*d + 17. Let k(n) = -n**2 - 2*n + 31. Let b be k(-7). Is y(b) prime?
True
Let d(k) = 3*k**2 - 3*k - 23. Let j be d(13). Let t = j + 108. Is t a prime number?
False
Suppose o + 0*o = 3. Let r(q) = q**2 - 21*q + 38. Let v be r(2). Suppose v*h + 648 = 3*h - o*n, 2*h + n = 423. Is h composite?
True
Let r = -122 + 122. Is (-332 - r)/(4/(-2)) prime?
False
Suppose 5*h = 2728 + 1942. Is h a prime number?
False
Suppose -9*r + 78725 = -32704. Is r composite?
True
Let j = -260808 + 413915. Is j a composite number?
False
Let x(s) = 212*s**2 + 16*s + 1. Is x(5) prime?
True
Let r(w) = -1568*w - 169. Is r(-6) composite?
False
Let g(q) = 3*q**2 - 6*q - 1. Let x(p) = 2*p + 20. Let n be x(-8). Is g(n) a composite number?
False
Suppose 3*z - 11 + 2 = 0. Suppose -d + 4*r - 16 = 0, 4*d + z*r - 8 = r. Is (82 - d) + 2 + -1 a prime number?
True
Suppose -s - 1675 - 1069 = -5*j, 3*j + 4*s = 1628. Let x = j + 329. Is x a prime number?
True
Let a(p) = p + 26. Let x be a(0). Is ((-15951)/x)/(2*(-3)/4) a composite number?
False
Let x(s) = s**2 + 18*s - 7. Let b be x(16). Suppose 0 = -3*h + 270 + b. Is h composite?
False
Let y = 89 + -87. Suppose -2*o = 4*r - 4582, -2*o = -0 - y. Is r prime?
False
Let s = -76 - -79. Suppose 0 = -4*c - s*p + 4546, 3*c + 4*p - 3413 = -0*p. Is c prime?
False
Suppose -n + 0*u = -4*u - 304, 2*n = -2*u + 628. Let q = 85 + n. Is q a prime number?
True
Let v be (296/(-16))/(1/6). Let k = -58 - v. Is k composite?
False
Let q(a) = 24*a**2 - 17*a + 203. Is q(12) prime?
False
Let t = -1274 + 196. Let j be (0/2)/4 - t. Suppose 8*p - 3*p - j = w, -p + 3*w + 224 = 0. Is p a composite number?
True
Is (-1)/(-3) + (-5685)/(-9) + -1 a prime number?
True
Let k be (1/(-5))/(6/10)*0. Suppose 1 = -d, k = -w + 3*w + 4*d - 1738. Is w composite?
True
Let z(l) = 5*l**3 - l - 10*l**3 + 3 - 2. Let t(n) = -n**3 + 4*n**2 - 2*n + 6. Let j be t(4). Is z(j) a composite number?
False
Suppose 29*q - 36566 - 135201 = 0. Is q composite?
False
Suppose -9*c + 5*c + 20 = 0. Suppose 6156 = c*u + 2*y - 6*y, 3*u + 4*y - 3668 = 0. Is (-3)/2*u/(-6) prime?
True
Let n be 6*((-21)/6 + 2). Let h(a) be the first derivative of a**4/4 + 8*a**3/3 - 7*a**2 - 8*a - 37. Is h(n) composite?
False
Suppose 0 = -4*j + 5*j - 3. Suppose -4*g = -3*u - 7*g + 3228, -3212 = -j*u + g. Suppose 4*h = 4*c + 1032, -4*c = -2*h + 6*h - u. Is h composite?
False
Let q(b) = 48397*b**2 + 57*b - 59. Is q(1) a prime number?
False
Is (-1 - 4 - -2956)*3/3 a composite number?
True
Let g(x) = 20821*x - 306. Is g(25) prime?
False
Let y(k) = -k**3 - 15*k**2 + 33*k + 26. Is y(-23) a prime number?
True
Suppose 27*p - 13*p - 54278 = 0. Is p a composite number?
False
Let w(j) = 124*j**2 + 5*j + 98. Is w(-7) prime?
False
Let i = -42 - -40. Let b(n) = -67*n**3 - n + 3. Is b(i) a prime number?
True
Let u be 0 + (-4)/(-14) - (-8226)/21. Let l = u + -181. Is l a composite number?
False
Suppose 18*c - 19*c + 41837 = 0. Suppose -9*t + c = 14*t. Is t prime?
False
Let q(b) = b**2 + 1. Let p(u) = -54*u**2 + 3. Let x(l) = -p(l) + 2*q(l). Let n be x(-1). Suppose -85 = -4*y + n. Is y composite?
True
Suppose -57*h + 64*h = 22141. Is h a prime number?
True
Suppose 23*z = 25*z - 582. Is z a prime number?
False
Suppose 0 = 2*v + 3*m - 7*m - 22824, -3*v = -3*m - 34233. Suppose 0 = 5*l - 3*i - v, 5*l = -0*i + i + 11420. Is l prime?
False
Suppose -5*p - 45 = -2*p. Let n be (2646/p)/((-12)/40). Suppose -4*k + 2*d + n = 0, 4*k - 3*d - 555 = 37. Is k prime?
False
Suppose 0 = 18*d - 45627 - 6987. Is d a prime number?
False
Let a be ((-672)/(-98))/((-2)/(-7)). Is 128/a - 5 - (-33244)/6 prime?
False
Suppose -10*z + 6910 = -0*z. Is z prime?
True
Is 1/(3 - 49256/16420) a prime number?
False
Let d(c) = 39*c**3 - 6*c + 7. Let v(s) = s**2 - 5*s - 4. Let k be v(6). Is d(k) a prime number?
True
Let q(m) = -2*m + 11. Let u be q(4). Suppose 0*t + 610 = 5*l - 3*t, -u*t = 0. Is l a prime number?
False
Suppose 1891 = -7*o + 20826. Let r = 4104 - o. Is r prime?
True
Let q(l) = l**3 - 6*l**2 + 5*l + 3. Let y be q(5). Suppose 2*w - 4*w + u = -634, 2*w = 5*u + 634. Suppose -y*f + 292 = -w. Is f a composite number?
True
Let r be (-3 - 73*-23)*1. Suppose f = 4*v + 6814, 4*f - 25568 = 4*v + r. Is (-2)/(-3) - f/(-18) a prime number?
True
Is (639 - (-10)/5)/(5/25) a composite number?
True
Suppose 0 = -5*t + 5. Let w(o) = -6*o**3 + o**2 - 2*o + 1. Let g be w(t). Is ((-428)/g)/((-22)/(-99)) composite?
True
Suppose 11*d = -10*d + 20391. Is d prime?
True
Suppose 19*n - 16*n - 2535 = 0. Suppose 1709 = 2*f - n. Is f a composite number?
False
Let i(v) = 8412*v**3 + 3*v**2 + 5*v - 7. Is i(1) a composite number?
True
Let a be (-3 + 2 - 1) + -13563. Let c be a/(-10) + (-2)/4. Suppose -h + 551 = -2*p, 5*h - c = 4*p + 1369. Is h a composite number?
False
Is (-24)/20 - (-294004)/20 prime?
True
Is (-6 + 5213 + 2)*3 a composite number?
True
Suppose -2*v = -2*c + 8860 - 30356, -42986 = -4*v - 2*c. Is v composite?
True
Let i(f) = f + 1. Let u be i(4). Suppose 5176 = u*z - 1154. Suppose -z = -c - 5*c. Is c prime?
True
Let f(d) = -367*d - 412. Is f(-7) a prime number?
False
Let h(r) = 4*r**2 - r + 1171. Is h(0) composite?
False
Let g(i) = 4831*i**3 + 7*i**2 - 20*i + 3. Is g(2) composite?
False
Let g = -2056 + 869. Let b = 2236 + g. Is b composite?
False
Let b(v) = 3*v + 20. Let i be b(-17). Let x = i - -285. Is x a prime number?
False
Suppose 0 = x + 5, -4*r + 8*x - 3*x + 57 = 0. Let b(j) = 3*j**3 - 10*j**2 - 2*j. Let t be b(r). Is t/24*3/2 prime?
False
Suppose s = -2*s + 4*b - 29, 0 = -3*b - 3. Let p(h) be the third derivative of -h**4/8 - 7*h**3/3 + 3*h**2. Is p(s) composite?
False
Suppose 4*y - 2*f + 4 = 3*f, -y - 5*f = 1. Is 4 + -2 - 3274/(y*2) composite?
True
Suppose 4*r = -7*r + 22. Let j(f) = 130*f + 14. Is j(r) prime?
False
Let m(j) = -41*j - 7. Let t be m(-5). Suppose -g - 305 = -3*r + 527, 4*g - 20 = 0. Suppose -2*i + t = -v + 12, v - r = -3*i. Is i prime?
False
Let g be 0/(1*(3 + -5)). Let m = 1 - g. Is ((-25)/(-10))/(m/22) a composite number?
True
Let n(r) = r**2 - 8